1 - (-726)/v?
29
Let q(n) = 4*n**2 + 5*n**3 + 2*n + n**3 - 14*n**2 - 5*n**3 - 13. Let r = -4 + 14. What is the remainder when q(r) is divided by 4?
3
Let w = 48 - 36. Suppose 196 = w*s - 5*s. What is the remainder when s is divided by 10?
8
Let i be (-16)/12*-3 + -3. Let c(l) = 5*l**2 + l + 2. Calculate the remainder when (-3)/(1 - (-50)/(-44)) is divided by c(i).
6
Let r = -99 + 146. What is the remainder when r is divided by 24?
23
Suppose -4*d = -2*s - 768, 19*d - 15*d + 4*s = 780. What is the remainder when d is divided by 39?
37
Let w = -12 + 31. Suppose w = 3*v + z, -1 = 5*v + 4*z - 35. Calculate the remainder when 18 is divided by v.
0
Let q = -1152 - -1172. Calculate the remainder when 459 is divided by q.
19
Let s(n) = 2*n - 1. Let z be s(5). Let c = -5 + z. Suppose -c*i + 104 = -4*q, -5*q = -0*i - i + 10. Calculate the remainder when 58 is divided by i.
28
Let h(p) = 2*p**2 - 6*p - 9. Let v(n) = 41*n**2 - n. Let r be v(1). Calculate the remainder when h(6) is divided by 430/r + (-3)/4.
7
Let a(j) = -j. Let y be a(4). Let k(c) = -c**3 - 2*c**2 + 4*c - 5. Calculate the remainder when 19 + 0 + 0/9 is divided by k(y).
8
Let k(c) = 3*c**3 + 16*c**2 + 2*c + 4. Calculate the remainder when 528 is divided by k(-5).
15
Let m(r) = 11*r**2. Suppose -3*w = -4*x - 4 - 5, 4*w - 12 = 2*x. Let s = -20 + 45. What is the remainder when m(w) is divided by s?
24
Let v = -540 - -614. What is the remainder when 77 is divided by v?
3
Let h(j) = 2*j**2 - 20. Let p be h(0). Let u = -15 - p. Calculate the remainder when 23 is divided by u.
3
Calculate the remainder when 356 is divided by (-4)/((-24)/15) - 175/(-2).
86
Let k(r) = r + 12. Let f be k(-16). Let g(j) = j + 8. Let h be g(f). Suppose 0 = -h*i + 38 + 2. Calculate the remainder when 67 is divided by i.
7
Let r(a) = -27*a - 32. Calculate the remainder when r(-20) is divided by 30.
28
Calculate the remainder when 233 is divided by (9/(-56) + (-5)/40)*-21.
5
Let f(w) = -6*w**2 + 1. Let l be f(-1). What is the remainder when 43 is divided by (-1 + (-2 - l))/((-6)/(-45))?
13
Let d = -93 + 144. Suppose -5*x - 46 = 6*z - 8*z, -z + 2*x + 22 = 0. Calculate the remainder when d is divided by z.
15
Let b = 57 + 61. Calculate the remainder when b is divided by 8.
6
Suppose 0 = -110*j + 106*j + 56. What is the remainder when 21 is divided by j?
7
Suppose 0*w - w = -4, -4*a - 2*w + 296 = 0. Suppose 9*f = 72 + a. What is the remainder when 61 is divided by f?
13
Suppose 16 = 12*o - 8*o. Suppose d - 6 = -d. Suppose 0 = -3*x - d*t, 4*x - 20 = -x - t. What is the remainder when x is divided by o?
1
Calculate the remainder when ((-5)/3)/((-2)/(-6)) - -264 is divided by 52.
51
Suppose -4*b - 5*u + 0*u = -33, 5*u - 35 = -5*b. Suppose 3*y + 60 = b*m - 0*m, -52 = -2*m - y. Let i = -14 + m. Calculate the remainder when 51 is divided by i.
12
Let m = -42 + 55. Suppose 2*w - w - 3*s - 21 = 0, -4*w + 84 = -s. What is the remainder when w is divided by m?
8
Let p(l) = -l**2 - 9*l - 7. Let r = -9 + 3. Calculate the remainder when p(r) is divided by 4.
3
Let v(d) = 9*d**3 + 2*d**2 - d + 1. Suppose -89*o = -83*o - 30. Calculate the remainder when v(2) is divided by o.
4
Let u(n) = 3*n - 26. Calculate the remainder when 360 is divided by u(39).
87
Suppose -234 = -20*d + 7*d. Suppose 2*b + 4 = d. Calculate the remainder when b is divided by 2.
1
Let u(a) = a**3 + 5*a**2 + 2*a + 3. Let d(o) = -o**2 - 8*o - 12. Let x be d(-7). Let h be u(x). Let s = 0 - h. What is the remainder when 25 is divided by s?
4
Let z(k) = -k + 5. Let y be z(2). Suppose 0 = -y*v + 4*j + 32, -2*j + 13 = v - 1. What is the remainder when v is divided by 4?
0
Let c = -12 - -17. Suppose 0 = z - 5*d - c, 0*z - d = -4*z + 58. Suppose -3*h = -4*f + 94, 4*h = f - h - z. Calculate the remainder when 97 is divided by f.
22
Suppose -4*q + 11*q - 35 = 0. What is the remainder when 104 is divided by q?
4
Suppose 6 = 5*s - 39. Suppose -5*w + 34 - s = 0. Suppose -3*u = -4*g + 37, 5*u = -w*g - 2 + 92. Calculate the remainder when 50 is divided by g.
11
Let v(l) = l**2 + 3*l - 1. Calculate the remainder when 34 is divided by v(-7).
7
Let v = 4 + 3. Suppose 2*r = v*r - 175. Let b = r + -23. What is the remainder when 33 is divided by b?
9
Let s = 29 - 18. What is the remainder when (-3 - -1)/((-2)/21) is divided by s?
10
Suppose -3*p - 177 = -6*p. Suppose -2*u + 153 = -3*m, 0*m - p = -u - 2*m. Suppose -u = -4*g - 13. What is the remainder when 55 is divided by g?
13
Suppose 11*v - 13*v + 40 = 0. Suppose z + 0 = v. What is the remainder when 38 is divided by z?
18
Let q be -6*(-3)/(-6) - 14. Let i(w) = -4*w - 25. Let f = -27 + 38. Calculate the remainder when i(q) is divided by f.
10
Suppose -29*y - 12 = -26*y. Calculate the remainder when 134 is divided by 1/(((-20)/175)/y).
29
Suppose -2*a - m - 2 = 0, -5*a - m - 2 = 6. Let n = a - -13. Suppose 0 = -o + n - 0. Calculate the remainder when 32 is divided by o.
10
Calculate the remainder when (399/(-42) + 4)*-10*1 is divided by (-14)/(-3)*(0 - -3).
13
Suppose 72 = 325*s - 319*s. What is the remainder when 225 is divided by s?
9
Let c = 3 + 11. Suppose -2*m + 5*w - 56 = -m, -5*m + 4*w - 385 = 0. Calculate the remainder when (m/12)/(4/(-16)) is divided by c.
13
Let b(d) = 26*d - 108. Calculate the remainder when b(11) is divided by 20.
18
Suppose 4*t = -5*s + 419, -5*t = -5*s + 188 - 678. Suppose 0 = 3*y - 2*d - t, 8 = d + 3*d. Calculate the remainder when y is divided by 8.
3
Let n = -56 - -58. Suppose -64 = -4*r - 0*t + t, -n*t = -5*r + 77. What is the remainder when 49 is divided by r?
15
Calculate the remainder when -4 - -372 - -2*3 is divided by 47.
45
Let v(g) = 2*g**2 - 8*g - 81. Calculate the remainder when v(-6) is divided by 8.
7
Suppose -3*f = -0*f - 315. What is the remainder when (f/14)/((3/2)/3) is divided by 6?
3
Suppose 69 = 2*b - 31. Calculate the remainder when b is divided by 14.
8
Suppose -22 = 4*x - 842. What is the remainder when x is divided by 54?
43
Suppose 2*i + 283 = 305. Calculate the remainder when 85 is divided by i.
8
Let k(s) = 23*s**2 - 2*s - 2. Let c be k(3). Suppose -3*f = 2*v + v - 147, -4*f + c = 5*v. Calculate the remainder when 90 is divided by f.
44
Let p = -4 - -4. Suppose 3*b = 5*t + 49, p = 2*b + b - 3*t - 57. Calculate the remainder when 39 is divided by b.
16
Let y be (-20)/(-9) - 6/27. Let f be 3*((-6)/(-2) - y). Suppose -42 = -f*h + 81. What is the remainder when h is divided by 11?
8
Suppose 19*a - 15*a - 5*x = 52, 5*x = -5*a + 65. Calculate the remainder when 38 is divided by a.
12
Let i = 127 - 61. Let u = i - 56. What is the remainder when 19 is divided by u?
9
Let d(v) be the first derivative of -5*v**4/4 - 3*v**2/2 - 4*v + 2. Calculate the remainder when d(-2) is divided by 9.
6
Let s(y) = -y**2 - 13*y - 29. What is the remainder when 17 is divided by s(-7)?
4
Let h(c) = 8*c + 1. Let f be h(9). Let g = 81 - f. What is the remainder when 29 is divided by g?
5
Let n(o) = -o**3 + 14*o**2 + 52*o - 7. What is the remainder when 45 is divided by n(17)?
5
Let f = -15 - -16. Calculate the remainder when 58 is divided by f/(-1)*-14 - 2.
10
Let f(j) = 5*j**2 + 3*j + 7. What is the remainder when 167 is divided by f(-2)?
20
Let p be 2 - -1*(-2 + 20). Calculate the remainder when -3 + (1 - 1) + p is divided by 9.
8
Let b(q) = -11*q + 18. Calculate the remainder when b(-3) is divided by 9.
6
Let l(q) = q**3 + 7*q**2 - 6*q - 1. Suppose 2*u - 6*s + 20 = -s, 7 = -u + s. Calculate the remainder when l(u) is divided by 18.
7
Suppose -19 = -11*y + 25. Suppose m + 6 = 2*m. Let s = 9 + m. Calculate the remainder when s is divided by y.
3
Let g(b) = -5*b - 3. Let f(u) = -7 - u**3 - 2*u**2 + 3*u**2 + u**2 - 1. Let w be f(0). Calculate the remainder when g(w) is divided by 13.
11
Suppose -3*y + 0*y + 83 = 5*t, 163 = 5*y - 4*t. Calculate the remainder when 61 is divided by y.
30
Suppose -2*h = -3*p + 10, -3*h + 5*h = -4. Suppose 10 + 45 = 5*n - z, -3*n + p*z + 33 = 0. What is the remainder when 31 is divided by n?
9
Let v(t) = -t**3 - 10*t**2 - 13*t - 217. What is the remainder when 338 is divided by v(-11)?
9
Suppose 29 + 11 = 8*b. Suppose 2*g - 2*d + 40 = 6*g, b*d - 28 = -g. Calculate the remainder when 19 is divided by g.
3
Suppose 4*z = -0*z - 40. Let u(m) = -m**2 - 8*m + 22. Calculate the remai